{"id":537,"date":"2013-09-01T10:36:14","date_gmt":"2013-09-01T08:36:14","guid":{"rendered":"http:\/\/www.nomercysupply.nl\/site\/?page_id=537"},"modified":"2017-06-22T14:55:05","modified_gmt":"2017-06-22T12:55:05","slug":"guano-extract","status":"publish","type":"page","link":"https:\/\/www.nomercy.nl\/site\/de\/produkte\/guano-extract\/","title":{"rendered":"Guano Extract"},"content":{"rendered":"<br\/><br\/><div class=\"cloudfw-fatal-error\"><strong>Error<\/strong>: Slider cannot found<\/div><br\/><br\/><div class=\"down\"><\/div><h1>Guano Extract<\/h1><h4>Eine biologische N\u00e4hrstoffzuf\u00fcgung f\u00fcr alle Blumen- und Fruchtgew\u00e4chse<\/h4><p class=\"d2\" style=\"border-bottom-color: #335d23 !important; \"><\/p><div class=\"cf clear\"><\/div><div class=\"auto-format\"><p>Es ist allgemein bekannt, dass Guano eine sehr gute Nahrung f\u00fcr sehr viele Pflanzen ist.<br \/>\nEs ist aber schon so, dass die Natur die Zeit braucht, die Quellen von Nahrungsstoffen in \u2013 von den Pflanzen brauchbaren \u2013 Verbindungen um zu wandeln.<br \/>\nBei vielen Pflanzen, gez\u00fcchtet in \u00fcberdeckter Zucht, ist der Zyklus zu kurz f\u00fcr den nat\u00fcrlichen Prozess der Umsetzung und hat die Pflanze in diesem Fall wenig bis nichts an der Guano D\u00fcngung.<br \/>\nMit unserem Guano Extrakt bieten wir ein Produkt an, bei dem dieser nat\u00fcrliche Prozess schon sehr weit fortgeschritten ist. Wird dieser Extrakt mit der Wassergabe an die Pflanze angeboten, hat die Pflanze sehr schnell den Zugang zu den vom Guano gelieferten Mineralen und dies alles \u00fcber einen total biologisch verlaufenden Prozess. Die N\u00e4hrstoffe welche w\u00e4hrend dieses Prozesses frei kommen liefern eine Zuf\u00fcgung welche sofort und vollst\u00e4ndig von der Pflanze aufnehmbar ist.<\/p>\n<p>Verwende den Guano Extrakt im Verh\u00e4ltnis 1:100 Als Zuf\u00fcgung zu Ihrem normalen Nahrungsschema (Sweet Jane). F\u00fcge also 1 Liter auf 100 Liter Wasser zu, bei Pflanzen in Bl\u00fcte bis zum letzten Stadium der Fruchtentwicklung.<br \/>\nWir raten auch zur Verwendung von Bacterial, gemeinsam mit dem Guano Extrakt, f\u00fcr eine schnelle Entwickelung des Biotops innerhalb des von Ihnen verwendete Medium.<br \/>\nGuano Extrakt tr\u00e4gt Sorge f\u00fcr einen h\u00f6heren Ertrag und einen verfeinerten Geschmack des Endproduktes.<br \/>\nDa es sich beim Guano Extrakt um ein total biologisches Produkt handelt, kann die Farbe und die Zusammenstellung pro Saison leicht unterschiedlich sein.<\/p>\n<p>Guano Extract ist in den 1 und 10 Litern. Auch erh\u00e4ltlich <a href=\"https:\/\/www.nomercyshop.nl\/plant-nutrition\/no-mercy-supply-1111202508\/guano-extract\"target=\"_blank\"><font color=\"#0000ff\"><b> hier<\/b><\/font><\/A><\/p>\n<\/div><div class=\"cf\"><\/div>","protected":false},"excerpt":{"rendered":"<p>Error: Slider cannot foundGuano ExtractEine biologische N\u00e4hrstoffzuf\u00fcgung f\u00fcr alle Blumen- und Fruchtgew\u00e4chseEs ist allgemein bekannt, dass Guano eine sehr gute Nahrung f\u00fcr sehr viele Pflanzen ist. Es ist aber schon so, dass die Natur die Zeit braucht, die Quellen von Nahrungsstoffen in \u2013 von den Pflanzen brauchbaren \u2013 Verbindungen um zu wandeln. Bei vielen Pflanzen, [&hellip;]<\/p>\n","protected":false},"author":1,"featured_media":0,"parent":519,"menu_order":6,"comment_status":"closed","ping_status":"closed","template":"","meta":[],"_links":{"self":[{"href":"https:\/\/www.nomercy.nl\/site\/wp-json\/wp\/v2\/pages\/537"}],"collection":[{"href":"https:\/\/www.nomercy.nl\/site\/wp-json\/wp\/v2\/pages"}],"about":[{"href":"https:\/\/www.nomercy.nl\/site\/wp-json\/wp\/v2\/types\/page"}],"author":[{"embeddable":true,"href":"https:\/\/www.nomercy.nl\/site\/wp-json\/wp\/v2\/users\/1"}],"replies":[{"embeddable":true,"href":"https:\/\/www.nomercy.nl\/site\/wp-json\/wp\/v2\/comments?post=537"}],"version-history":[{"count":7,"href":"https:\/\/www.nomercy.nl\/site\/wp-json\/wp\/v2\/pages\/537\/revisions"}],"predecessor-version":[{"id":1217,"href":"https:\/\/www.nomercy.nl\/site\/wp-json\/wp\/v2\/pages\/537\/revisions\/1217"}],"up":[{"embeddable":true,"href":"https:\/\/www.nomercy.nl\/site\/wp-json\/wp\/v2\/pages\/519"}],"wp:attachment":[{"href":"https:\/\/www.nomercy.nl\/site\/wp-json\/wp\/v2\/media?parent=537"}],"curies":[{"name":"wp","href":"https:\/\/api.w.org\/{rel}","templated":true}]}}